{"id":136,"date":"2024-06-04T14:49:47","date_gmt":"2024-06-04T14:49:47","guid":{"rendered":"https:\/\/montajespferreras.es\/?page_id=136"},"modified":"2024-06-05T10:46:34","modified_gmt":"2024-06-05T10:46:34","slug":"accesibilidad","status":"publish","type":"page","link":"https:\/\/montajespferreras.es\/en\/accesibilidad\/","title":{"rendered":"Accessibility"},"content":{"rendered":"<p><strong>Updated 03\/15\/2023<\/strong><\/p>\n\n\n\n<p>MONTAJES P.FERRERAS SL <strong>undertakes to make its website accessible in accordance with the&nbsp;<\/strong><a href=\"https:\/\/www.boe.es\/diario_boe\/txt.php?id=BOE-A-2018-12699\"><strong>Royal Decree 1112\/2018<\/strong><\/a><strong>, on accessibility of websites and applications for mobile devices in the public sector.<\/strong><\/p>\n\n\n\n<p>This accessibility statement applies to the website at montaspferreras.es<\/p>\n\n\n\n<p><strong>COMPLIANCE SITUATION<\/strong><\/p>\n\n\n\n<p>This website is partially in accordance with the&nbsp;<a href=\"https:\/\/www.boe.es\/diario_boe\/txt.php?id=BOE-A-2018-12699\">RD 1112\/2018<\/a>&nbsp;due to the lack of conformity of the aspects indicated below.<\/p>\n\n\n\n<p><strong>Content not accessible<\/strong><\/p>\n\n\n\n<p>The content collected below is not accessible due to the following:<\/p>\n\n\n\n<p><strong>Lack of compliance with RD 1112\/2018<\/strong><\/p>\n\n\n\n<ul>\n<li>Images can be found without accompanying explanatory text.<\/li>\n\n\n\n<li>You can still find incorrect nesting of tags.<\/li>\n\n\n\n<li>There could be editing errors on the website.<\/li>\n<\/ul>\n\n\n\n<p><strong>Disproportionate burden<\/strong><\/p>\n\n\n\n<ul>\n<li>Does not apply.<\/li>\n<\/ul>\n\n\n\n<p><strong>The content does not fall within the scope of applicable legislation.<\/strong><\/p>\n\n\n\n<ul>\n<li>There are office files in PDF that do not fully comply with all accessibility requirements.<\/li>\n<\/ul>\n\n\n\n<p>This statement was prepared on January 15, 2023.<\/p>\n\n\n\n<p>The method used to prepare the statement was a self-assessment carried out by the accessibility team.<\/p>\n\n\n\n<p>Last revision of the declaration: January 12, 2023.<\/p>\n\n\n\n<p><strong>Observations and contact information<\/strong><\/p>\n\n\n\n<p>You can make communications about accessibility requirements (article 10.2.a) of RD 1112\/2018) such as:<\/p>\n\n\n\n<ul>\n<li>Report any possible breach by this website.<\/li>\n\n\n\n<li>Convey other content access difficulties.<\/li>\n\n\n\n<li>Ask any other questions or suggestions for improvement regarding the accessibility of the website.<\/li>\n<\/ul>\n\n\n\n<p>Through our suggestion box monicafernandez@grupoferreras.es<\/p>\n\n\n\n<p>Communications will be received and processed by the Accessibility team.<\/p>","protected":false},"excerpt":{"rendered":"<p>Actualizado 15\/03\/2023 MONTAJES P.FERRERAS S.L. se compromete en hacer accesible su sitio web de conformidad con el&nbsp;Real Decreto 1112\/2018, sobre accesibilidad de los sitios webs y aplicaciones para dispositivos m\u00f3viles del sector p\u00fablico. La presente declaraci\u00f3n de accesibilidad se aplica al sitio web a montajespferreras.es SITUACI\u00d3N DE CUMPLIMIENTO Este sitio web es parcialmente conforme con [&hellip;]<\/p>\n","protected":false},"author":1,"featured_media":0,"parent":0,"menu_order":0,"comment_status":"closed","ping_status":"closed","template":"","meta":{"footnotes":""},"yoast_head":"<!-- This site is optimized with the Yoast SEO plugin v24.5 - https:\/\/yoast.com\/wordpress\/plugins\/seo\/ -->\n<title>Accesibilidad - MontajesPFerreras<\/title>\n<meta name=\"robots\" content=\"index, follow, max-snippet:-1, max-image-preview:large, max-video-preview:-1\" \/>\n<link rel=\"canonical\" href=\"https:\/\/montajespferreras.es\/en\/accesibilidad\/\" \/>\n<meta property=\"og:locale\" content=\"en_GB\" \/>\n<meta property=\"og:type\" content=\"article\" \/>\n<meta property=\"og:title\" content=\"Accesibilidad - MontajesPFerreras\" \/>\n<meta property=\"og:description\" content=\"Actualizado 15\/03\/2023 MONTAJES P.FERRERAS S.L. se compromete en hacer accesible su sitio web de conformidad con el&nbsp;Real Decreto 1112\/2018, sobre accesibilidad de los sitios webs y aplicaciones para dispositivos m\u00f3viles del sector p\u00fablico. La presente declaraci\u00f3n de accesibilidad se aplica al sitio web a montajespferreras.es SITUACI\u00d3N DE CUMPLIMIENTO Este sitio web es parcialmente conforme con [&hellip;]\" \/>\n<meta property=\"og:url\" content=\"https:\/\/montajespferreras.es\/en\/accesibilidad\/\" \/>\n<meta property=\"og:site_name\" content=\"MontajesPFerreras\" \/>\n<meta property=\"article:modified_time\" content=\"2024-06-05T10:46:34+00:00\" \/>\n<meta name=\"twitter:card\" content=\"summary_large_image\" \/>\n<meta name=\"twitter:label1\" content=\"Estimated reading time\" \/>\n\t<meta name=\"twitter:data1\" content=\"2 minutes\" \/>\n<script type=\"application\/ld+json\" class=\"yoast-schema-graph\">{\"@context\":\"https:\/\/schema.org\",\"@graph\":[{\"@type\":\"WebPage\",\"@id\":\"https:\/\/montajespferreras.es\/accesibilidad\/\",\"url\":\"https:\/\/montajespferreras.es\/accesibilidad\/\",\"name\":\"Accesibilidad - MontajesPFerreras\",\"isPartOf\":{\"@id\":\"https:\/\/montajespferreras.es\/#website\"},\"datePublished\":\"2024-06-04T14:49:47+00:00\",\"dateModified\":\"2024-06-05T10:46:34+00:00\",\"breadcrumb\":{\"@id\":\"https:\/\/montajespferreras.es\/accesibilidad\/#breadcrumb\"},\"inLanguage\":\"en-GB\",\"potentialAction\":[{\"@type\":\"ReadAction\",\"target\":[\"https:\/\/montajespferreras.es\/accesibilidad\/\"]}]},{\"@type\":\"BreadcrumbList\",\"@id\":\"https:\/\/montajespferreras.es\/accesibilidad\/#breadcrumb\",\"itemListElement\":[{\"@type\":\"ListItem\",\"position\":1,\"name\":\"Portada\",\"item\":\"https:\/\/montajespferreras.es\/\"},{\"@type\":\"ListItem\",\"position\":2,\"name\":\"Accesibilidad\"}]},{\"@type\":\"WebSite\",\"@id\":\"https:\/\/montajespferreras.es\/#website\",\"url\":\"https:\/\/montajespferreras.es\/\",\"name\":\"MontajesPFerreras\",\"description\":\"Montajes y cubiertas\",\"publisher\":{\"@id\":\"https:\/\/montajespferreras.es\/#organization\"},\"potentialAction\":[{\"@type\":\"SearchAction\",\"target\":{\"@type\":\"EntryPoint\",\"urlTemplate\":\"https:\/\/montajespferreras.es\/?s={search_term_string}\"},\"query-input\":{\"@type\":\"PropertyValueSpecification\",\"valueRequired\":true,\"valueName\":\"search_term_string\"}}],\"inLanguage\":\"en-GB\"},{\"@type\":\"Organization\",\"@id\":\"https:\/\/montajespferreras.es\/#organization\",\"name\":\"MontajesPFerreras\",\"url\":\"https:\/\/montajespferreras.es\/\",\"logo\":{\"@type\":\"ImageObject\",\"inLanguage\":\"en-GB\",\"@id\":\"https:\/\/montajespferreras.es\/#\/schema\/logo\/image\/\",\"url\":\"https:\/\/montajespferreras.es\/wp-content\/uploads\/2024\/06\/P.-ferreras-Grupo-1.png\",\"contentUrl\":\"https:\/\/montajespferreras.es\/wp-content\/uploads\/2024\/06\/P.-ferreras-Grupo-1.png\",\"width\":684,\"height\":296,\"caption\":\"MontajesPFerreras\"},\"image\":{\"@id\":\"https:\/\/montajespferreras.es\/#\/schema\/logo\/image\/\"}}]}<\/script>\n<!-- \/ Yoast SEO plugin. -->","yoast_head_json":{"title":"Accesibilidad - MontajesPFerreras","robots":{"index":"index","follow":"follow","max-snippet":"max-snippet:-1","max-image-preview":"max-image-preview:large","max-video-preview":"max-video-preview:-1"},"canonical":"https:\/\/montajespferreras.es\/en\/accesibilidad\/","og_locale":"en_GB","og_type":"article","og_title":"Accesibilidad - MontajesPFerreras","og_description":"Actualizado 15\/03\/2023 MONTAJES P.FERRERAS S.L. se compromete en hacer accesible su sitio web de conformidad con el&nbsp;Real Decreto 1112\/2018, sobre accesibilidad de los sitios webs y aplicaciones para dispositivos m\u00f3viles del sector p\u00fablico. La presente declaraci\u00f3n de accesibilidad se aplica al sitio web a montajespferreras.es SITUACI\u00d3N DE CUMPLIMIENTO Este sitio web es parcialmente conforme con [&hellip;]","og_url":"https:\/\/montajespferreras.es\/en\/accesibilidad\/","og_site_name":"MontajesPFerreras","article_modified_time":"2024-06-05T10:46:34+00:00","twitter_card":"summary_large_image","twitter_misc":{"Estimated reading time":"2 minutes"},"schema":{"@context":"https:\/\/schema.org","@graph":[{"@type":"WebPage","@id":"https:\/\/montajespferreras.es\/accesibilidad\/","url":"https:\/\/montajespferreras.es\/accesibilidad\/","name":"Accesibilidad - MontajesPFerreras","isPartOf":{"@id":"https:\/\/montajespferreras.es\/#website"},"datePublished":"2024-06-04T14:49:47+00:00","dateModified":"2024-06-05T10:46:34+00:00","breadcrumb":{"@id":"https:\/\/montajespferreras.es\/accesibilidad\/#breadcrumb"},"inLanguage":"en-GB","potentialAction":[{"@type":"ReadAction","target":["https:\/\/montajespferreras.es\/accesibilidad\/"]}]},{"@type":"BreadcrumbList","@id":"https:\/\/montajespferreras.es\/accesibilidad\/#breadcrumb","itemListElement":[{"@type":"ListItem","position":1,"name":"Portada","item":"https:\/\/montajespferreras.es\/"},{"@type":"ListItem","position":2,"name":"Accesibilidad"}]},{"@type":"WebSite","@id":"https:\/\/montajespferreras.es\/#website","url":"https:\/\/montajespferreras.es\/","name":"MontajesPFerreras","description":"Mounts and covers","publisher":{"@id":"https:\/\/montajespferreras.es\/#organization"},"potentialAction":[{"@type":"SearchAction","target":{"@type":"EntryPoint","urlTemplate":"https:\/\/montajespferreras.es\/?s={search_term_string}"},"query-input":{"@type":"PropertyValueSpecification","valueRequired":true,"valueName":"search_term_string"}}],"inLanguage":"en-GB"},{"@type":"Organization","@id":"https:\/\/montajespferreras.es\/#organization","name":"MontajesPFerreras","url":"https:\/\/montajespferreras.es\/","logo":{"@type":"ImageObject","inLanguage":"en-GB","@id":"https:\/\/montajespferreras.es\/#\/schema\/logo\/image\/","url":"https:\/\/montajespferreras.es\/wp-content\/uploads\/2024\/06\/P.-ferreras-Grupo-1.png","contentUrl":"https:\/\/montajespferreras.es\/wp-content\/uploads\/2024\/06\/P.-ferreras-Grupo-1.png","width":684,"height":296,"caption":"MontajesPFerreras"},"image":{"@id":"https:\/\/montajespferreras.es\/#\/schema\/logo\/image\/"}}]}},"_links":{"self":[{"href":"https:\/\/montajespferreras.es\/en\/wp-json\/wp\/v2\/pages\/136"}],"collection":[{"href":"https:\/\/montajespferreras.es\/en\/wp-json\/wp\/v2\/pages"}],"about":[{"href":"https:\/\/montajespferreras.es\/en\/wp-json\/wp\/v2\/types\/page"}],"author":[{"embeddable":true,"href":"https:\/\/montajespferreras.es\/en\/wp-json\/wp\/v2\/users\/1"}],"replies":[{"embeddable":true,"href":"https:\/\/montajespferreras.es\/en\/wp-json\/wp\/v2\/comments?post=136"}],"version-history":[{"count":1,"href":"https:\/\/montajespferreras.es\/en\/wp-json\/wp\/v2\/pages\/136\/revisions"}],"predecessor-version":[{"id":178,"href":"https:\/\/montajespferreras.es\/en\/wp-json\/wp\/v2\/pages\/136\/revisions\/178"}],"wp:attachment":[{"href":"https:\/\/montajespferreras.es\/en\/wp-json\/wp\/v2\/media?parent=136"}],"curies":[{"name":"wp","href":"https:\/\/api.w.org\/{rel}","templated":true}]}}

<p>Actualizado 15/03/2023 MONTAJES P.FERRERAS S.L. se compromete en hacer accesible su sitio web de conformidad con el&nbsp;Real Decreto 1112/2018, sobre accesibilidad de los sitios webs y aplicaciones para dispositivos móviles del sector público. La presente declaración de accesibilidad se aplica al sitio web a montajespferreras.es SITUACIÓN DE CUMPLIMIENTO Este sitio web es parcialmente conforme con [&hellip;]</p>

<!-- This site is optimized with the Yoast SEO plugin v24.5 - https://yoast.com/wordpress/plugins/seo/ -->
<title>Accesibilidad - MontajesPFerreras</title>
<meta name="robots" content="index, follow, max-snippet:-1, max-image-preview:large, max-video-preview:-1" />
<link rel="canonical" href="https://montajespferreras.es/en/accesibilidad/" />
<meta property="og:locale" content="en_GB" />
<meta property="og:type" content="article" />
<meta property="og:title" content="Accesibilidad - MontajesPFerreras" />
<meta property="og:description" content="Actualizado 15/03/2023 MONTAJES P.FERRERAS S.L. se compromete en hacer accesible su sitio web de conformidad con el&nbsp;Real Decreto 1112/2018, sobre accesibilidad de los sitios webs y aplicaciones para dispositivos móviles del sector público. La presente declaración de accesibilidad se aplica al sitio web a montajespferreras.es SITUACIÓN DE CUMPLIMIENTO Este sitio web es parcialmente conforme con [&hellip;]" />
<meta property="og:url" content="https://montajespferreras.es/en/accesibilidad/" />
<meta property="og:site_name" content="MontajesPFerreras" />
<meta property="article:modified_time" content="2024-06-05T10:46:34+00:00" />
<meta name="twitter:card" content="summary_large_image" />
<meta name="twitter:label1" content="Estimated reading time" />
	<meta name="twitter:data1" content="2 minutes" />
<script type="application/ld+json" class="yoast-schema-graph">{"@context":"https://schema.org","@graph":[{"@type":"WebPage","@id":"https://montajespferreras.es/accesibilidad/","url":"https://montajespferreras.es/accesibilidad/","name":"Accesibilidad - MontajesPFerreras","isPartOf":{"@id":"https://montajespferreras.es/#website"},"datePublished":"2024-06-04T14:49:47+00:00","dateModified":"2024-06-05T10:46:34+00:00","breadcrumb":{"@id":"https://montajespferreras.es/accesibilidad/#breadcrumb"},"inLanguage":"en-GB","potentialAction":[{"@type":"ReadAction","target":["https://montajespferreras.es/accesibilidad/"]}]},{"@type":"BreadcrumbList","@id":"https://montajespferreras.es/accesibilidad/#breadcrumb","itemListElement":[{"@type":"ListItem","position":1,"name":"Portada","item":"https://montajespferreras.es/"},{"@type":"ListItem","position":2,"name":"Accesibilidad"}]},{"@type":"WebSite","@id":"https://montajespferreras.es/#website","url":"https://montajespferreras.es/","name":"MontajesPFerreras","description":"Montajes y cubiertas","publisher":{"@id":"https://montajespferreras.es/#organization"},"potentialAction":[{"@type":"SearchAction","target":{"@type":"EntryPoint","urlTemplate":"https://montajespferreras.es/?s={search_term_string}"},"query-input":{"@type":"PropertyValueSpecification","valueRequired":true,"valueName":"search_term_string"}}],"inLanguage":"en-GB"},{"@type":"Organization","@id":"https://montajespferreras.es/#organization","name":"MontajesPFerreras","url":"https://montajespferreras.es/","logo":{"@type":"ImageObject","inLanguage":"en-GB","@id":"https://montajespferreras.es/#/schema/logo/image/","url":"https://montajespferreras.es/wp-content/uploads/2024/06/P.-ferreras-Grupo-1.png","contentUrl":"https://montajespferreras.es/wp-content/uploads/2024/06/P.-ferreras-Grupo-1.png","width":684,"height":296,"caption":"MontajesPFerreras"},"image":{"@id":"https://montajespferreras.es/#/schema/logo/image/"}}]}</script>
<!-- / Yoast SEO plugin. -->

Actualizado 15/03/2023 MONTAJES P.FERRERAS S.L. se compromete en hacer accesible su sitio web de conformidad con el&nbsp;Real Decreto 1112/2018, sobre accesibilidad de los sitios webs y aplicaciones para dispositivos móviles del sector público. La presente declaración de accesibilidad se aplica al sitio web a montajespferreras.es SITUACIÓN DE CUMPLIMIENTO Este sitio web es parcialmente conforme con [&hellip;]
